) = -i(x) - 5*m(x). Let l be 30 + (-254)/7 - ((-12)/(-14))/(-3). Give h(l).
9
Let s(j) = -5*j**3 + j**2 + 2*j - 2. Let p be s(1). Let x(f) = -f**3 - 5*f**2 - 5*f - 3. Give x(p).
1
Let j be ((-3)/(-9))/((-1)/(-6)). Let m(z) = -z - 3*z - z**2 + j - 3. Let d = -1565 - -1560. Calculate m(d).
-6
Let q(w) = -w**2 + 11*w + 27. Let y(r) = 3*r**2 - 197*r + 143. Let s be y(65). Give q(s).
1
Let u(z) = -6 - 2*z + 0 + 3*z. Let o(x) = -x**3 + 3*x**2 + 11*x + 1. Let n = 93 + -88. Let i be o(n). Determine u(i).
0
Suppose o - 6*o + 16 = 3*d, 4*d = -o + 10. Suppose -3*k + 60 = d*k. Suppose 2*g + g - k = 0. Let h(s) = -s**3 + 4*s**2 - 3*s - 2. What is h(g)?
-14
Let z(y) = -4*y**2 + 4*y**2 + 5*y + y**2 + 1. Suppose 2*m + 386 = 378. Calculate z(m).
-3
Let i(n) = -7*n - 13. Let v(d) = -10*d - 20. Let w(t) = 7*i(t) - 5*v(t). Give w(8).
17
Let k(y) = y**3 - 12*y**2 - 5. Suppose 90*g - 348 = 61*g. Give k(g).
-5
Let h = 1747 + -1739. Let s(q) = q**2 - 7*q - 1. Let x(n) = 3*n**2 - 20*n - 3. Let i(y) = 7*s(y) - 2*x(y). Calculate i(h).
-9
Let g(t) be the third derivative of -13*t**4/12 + t**2 - 2*t. Give g(-1).
26
Let n(m) be the first derivative of -2 + 2*m**2 - 3*m - 2/3*m**3. Give n(2).
-3
Let t = 44 + -41. Let w(s) = -5*s**t + 3 + 6*s**3 - 4*s**2 - 2 + 2*s. Determine w(4).
9
Suppose -5*l + 16 + 14 = 0. Let u(i) be the second derivative of -i**4/12 + 7*i**3/6 - i**2 + 2*i + 3. Calculate u(l).
4
Let f(v) = 1 + 2*v**3 - v**3 + v**3 - v**3 + v**2. Let x be (-9)/(-4) + 2/(-8). Let z = x + -3. Calculate f(z).
1
Let g(b) = -b**3 + 3*b**2 - 2*b. Let x(p) = p**3 + 5*p**2 + 39. Let m be x(-6). Give g(m).
-6
Let u(c) = -6*c**3 - 2 + 19 + 0*c + 3*c + 5*c**3 - c - 13*c**2. What is u(-13)?
-9
Let a(f) be the first derivative of 0*f**2 - 9 - 1/3*f**3 + 0*f. Suppose 5*o + 2*b + 0*b + 10 = 0, 4*b = -20. Determine a(o).
0
Let q be 2*2/4 + -24. Let b = -62 + 35. Let n = q - b. Let y(r) = r**3 - 4*r**2 + 2*r + 1. Calculate y(n).
9
Let l be (21/(-6))/(-7)*2. Let t be ((-4 + 0)*l)/(-1). Let b(d) = -6*d + 1 + t*d + d. Give b(4).
-3
Let w(k) = -2*k + 7 + 3*k - 10 - 2*k. Let r = -62 - -67. Calculate w(r).
-8
Let o be 30/12*(-12)/(-10). Let b(t) = -2*t - 21 + 22 + 3*t - o*t. Give b(-2).
5
Let x be (0 - (-2)/3) + 9/(-27). Let c(q) be the second derivative of -1/2*q**2 + x*q**4 - 2*q + 1/20*q**5 + 0 + 1/6*q**3. Give c(-3).
5
Let o(y) = y**3 + 5*y**2 - y - 9. Let f = 470 + -475. Give o(f).
-4
Suppose 3 - 9 = -3*p. Suppose c + 3*c + y = -p, -3*c = -y - 2. Let g(z) = -3*z + 7*z - 3 + c - 5*z. What is g(4)?
-7
Let x(w) = -w**3 + 7*w**2 - 5*w - 2. Let n = 787 - 783. Give x(n).
26
Let y(z) = 3*z**2 + 6*z + 7. Let d(w) = 7*w**2 + 12*w + 15. Let f(n) = -2*d(n) + 5*y(n). Let h be (20/(-2))/(16/(18 - 10)). Give f(h).
0
Suppose -5*t + 3*t - 26 = 0. Let w = 15 + -3. Let o = t + w. Let j(l) = -4*l**3 + 1. Give j(o).
5
Let l(r) = 4*r - 2*r + 0*r**3 - r**3. Suppose 0 = -6*c - 232*c - 476. What is l(c)?
4
Let o(z) = -z**2 - 2*z - 1. Let u(c) = 4*c - 5. Let h(k) = k - 4. Let n be h(6). Let j be u(n). Suppose 0 = 3*i + 3*w - 21, -2*w + j = -7. What is o(i)?
-9
Let u(c) be the second derivative of c**3 - 2*c - 16. Determine u(1).
6
Let y(a) = -4. Let p(x) = 8*x + 5. Let m(o) = p(o) + y(o). Determine m(-1).
-7
Let s(y) be the second derivative of -3*y**2 + 0 + 5*y - 7/6*y**3 - 1/20*y**5 + 2/3*y**4. Let p be s(7). Let b(z) = z - 1. Determine b(p).
-7
Let x(r) be the second derivative of -5*r**4/12 + 3*r**2 + 12*r. Let p(u) be the first derivative of x(u). What is p(1)?
-10
Let j(z) = -z**2 + 17. Let s be j(4). Let b(n) = -12*n + 1. Calculate b(s).
-11
Let j be (-3)/6*(-130)/(-13). Let x(t) = t**3 - 5*t**2 + 6*t - 6. Let m be x(4). Let n(l) = 5*l + 5 - l + 0*l**2 + l**m. Determine n(j).
10
Let g(u) = 5*u**2 - 10*u + 3. Let n(o) = -4*o**2 + 9*o - 2. Let h(q) = -3*g(q) - 4*n(q). Let v be h(6). Let c(j) = -20*j**3 - j**2 + 1. Give c(v).
20
Suppose 0*a + 2*a = 8. Suppose 0*b + b - 14 = a*t, 4 = -3*t + 4*b. Let i(d) = 4 - 4 + 4*d + 6. What is i(t)?
-10
Let t(w) = 3 + 9*w**2 - 4*w**2 - 4. Let z(b) = -2*b**2 - 9*b. Let l be z(-7). Let d be 14/l*(-10)/4. Give t(d).
4
Let s(d) = -4*d + 5. Let c(h) = -h**3 + 23*h**2 - h + 30. Let g be c(23). Determine s(g).
-23
Let j(a) = 2. Let y(n) = -n + 1. Let b(c) = 2*j(c) - 3*y(c). What is b(0)?
1
Let f(n) = 3*n + 14. Let a(b) = -2*b - 9. Let y = 10 - 18. Let v(z) = y*a(z) - 5*f(z). Let j(m) = m**2 - 2*m - 2. Let o be j(4). Give v(o).
8
Let f(y) be the first derivative of -y**3/3 + y**2 + 3*y + 126. Calculate f(4).
-5
Let u(m) = m**2 + 1. Let l(d) = -3*d**2 + d + 4. Let o(r) = l(r) + 2*u(r). Suppose x + 30 = 4*z, -3*z + 0*x - 5*x = -34. Suppose 3*h = z*h. Give o(h).
6
Let y(s) be the first derivative of -s**2 - s + 3. What is y(-12)?
23
Suppose 3*f - 9 = -0*f. Let o(p) = -26*p + 17*p - f + 12*p. What is o(3)?
6
Let m(r) = -r**3 + 5*r**2 + r. Suppose 0 = 2*g - 3*y - 14, -3*g + 5*y + 2 + 20 = 0. Suppose -5*o - 15 = z, -2*z - 5*o - 30 = -g*z. What is m(z)?
5
Let j(d) be the first derivative of 1/2*d**2 + 1/2*d**4 + 1 - d**3 + 2*d. Let b(w) = -2*w**2 - 10*w + 50. Let p be b(3). What is j(p)?
8
Let y(k) = -5*k**2 + 4*k - 33. Let t(i) = 9*i**2 - 7*i + 63. Let l(v) = 6*t(v) + 11*y(v). Calculate l(5).
0
Let z be ((-30)/45)/((-2)/3). Let q(s) = 3*s + 2. Let u(j) = 1. Let k(l) = z*q(l) + 5*u(l). Determine k(-6).
-11
Let v(z) = -12*z**2. Suppose 9*a - 80 = 7*a. Suppose 0 = 36*t - a*t + 4. Give v(t).
-12
Let l(o) be the third derivative of o**4/24 - o**3/6 + 3*o**2. Suppose -5*i = -5*z + 55, 3*i = 5*z + i - 55. Let n = 15 - z. Give l(n).
3
Let p(m) be the first derivative of -2*m**3/3 + 7*m**2/2 - 2*m - 34. What is p(5)?
-17
Suppose -65 = -4*v - 17. Suppose 3*m - v = 6. Let t(i) = -2*i + 7. Let u be t(m). Let y(q) = q - 1. Give y(u).
-6
Let x(h) = 7 + 3*h - 27 + 9 - 5*h + 10. Suppose -5*b + 4*a = 21, -b + 21 - 2 = 5*a. Give x(b).
1
Let c(m) be the third derivative of 0*m - 2*m**2 + 0 + 2/3*m**3 + 1/24*m**4. Let s be 0/(-12 + 8)*-1. Calculate c(s).
4
Let f be (2/(-2))/(-3 + 408/138). Suppose -f*c + 15 = -20*c. Let q(w) = -w**3 + 6*w**2 - 7*w + 1. Give q(c).
-9
Let n(l) = 152*l - 757. Let b be n(5). Let x(q) = 3*q - q - 3*q - 2. What is x(b)?
-5
Let i = -6 - 4. Let f be (-6)/12*i*1. Let p(x) = x. Determine p(f).
5
Let x(r) = -r**3 - r**2 - 2*r + 1. Let c(b) = -7*b**3 - 3*b**2 - 6*b + 4. Let p(m) = -c(m) + 6*x(m). Give p(4).
-6
Let z(y) = y - 7. Let t be 59 - (0 + 1 + 3). Let g be t/22*(3 - 1). Give z(g).
-2
Let y = -1637 - -1655. Let c(s) = -s + 32. What is c(y)?
14
Let q(i) = 5*i + 4. Suppose 33 = 5*d - 2*d. Let n(c) = -14*c - 11. Let k(v) = d*q(v) + 4*n(v). What is k(6)?
-6
Suppose 5*f - 7*f + 46 = 0. Suppose 2*a - 52 = 2*k - 0*k, -f = -a - 2*k. Suppose -5*p - a = 4*n, 0 = -2*p + 2*n + 3 + 5. Let t(o) = 6*o + 1. What is t(p)?
-5
Let r(h) = -40*h + 2. Let k(j) = 13*j - 1. Suppose 4*w = 9*w - 25. Let g(n) = w*r(n) + 16*k(n). Give g(4).
26
Let b(u) be the third derivative of u**4/4 - 11*u**3/6 - 250*u**2 - 2. Determine b(6).
25
Let k(h) be the second derivative of -h**8/6720 + h**7/504 - h**6/180 + h**5/60 - 19*h**4/12 - 2*h. Let p(j) be the third derivative of k(j). What is p(4)?
2
Let a = -71 - -87. Let k be (-48)/a + 2*-1. Let r(h) = -2*h - 3. What is r(k)?
7
Let a(l) = 3 + 53*l - 127*l - l**2 - l**3 + 75*l. Calculate a(-3).
18
Suppose 7 = 5*y - 3. Suppose -s - 37 + 40 = 0. Suppose 4*d + 28 = y*f, s*d - 4*d + 4*f = 21. Let h(z) = -z + 3. Determine h(d).
8
Suppose -c - 10 + 12 = 0. Let i = -13 + 16. Let m(j) = -j - 4*j - 2*j + 3*j**2 + 2 + 5*j - j**i. Calculate m(c).
2
Let i(w) = 8*w + 9. Suppose 0 = j + 5*m + 24, 0*j + 3*m = -2*j - 20. Let p(z) = -4*z - 4. Let n(c) = j*i(c) - 9*p(c). Let t = -3 + 4. What is n(t)?
4
Let u(x) be the third derivative of -x**9/60480 - x**8/2880 - x**7/1008 + x**6/180 + x**5/10 + 9*x**2. Let j(l) be the third derivative of u(l). Give j(-6).
-2
Suppose -3*o - 5*l = 8, 0 = 5*o + 4*l - 12 + 34. Let h = o - -6. Let y(j) = -1 + 4 - 3 + 2 - j. Determine y(h).
2
Let v be 7 + (-1)/((-4)/8). Suppose v*u - 2 = 11*u. Let b(j) = j. Let o(h) = -h + 4. Let m(x) = u*o(x) - 2*b(x). Determine m(3).
-7
Suppose -12*w = -9*w - 6. Let h(b) = -3*b + 5. Let t(x) = -16*x + 26. Let j(r) = w*t(r) - 11*h(r). What is j(5)?
2
Suppose 4*s - 6 = 2*b, -2*b = -2*s + 18 - 16. Let a(i) = -4*i**2 + 3